{"id":103,"date":"2013-08-06T20:13:19","date_gmt":"2013-08-06T20:13:19","guid":{"rendered":"http:\/\/localhost:8888\/test\/?page_id=17"},"modified":"2026-03-21T17:47:45","modified_gmt":"2026-03-21T10:47:45","slug":"classic-shop","status":"publish","type":"page","link":"https:\/\/thehungnguyen.com\/","title":{"rendered":"TRANG CH\u1ee6"},"content":{"rendered":"\n<div class=\"row align-middle\"  id=\"row-1694319795\">\n\n\n\t<div id=\"col-1179105425\" class=\"col medium-8 small-12 large-8\"  >\n\t\t\t\t<div class=\"col-inner\"  >\n\t\t\t\n\t\t\t\n\n\t<div id=\"text-1843538581\" class=\"text\">\n\t\t\n\n<p style=\"text-align: center;\" data-path-to-node=\"11\"><span style=\"font-size: 150%; color: #02467a;\">Ch\u00e0o b\u1ea1n, t\u00f4i l\u00e0 <b data-path-to-node=\"11\" data-index-in-node=\"18\">Th\u1ebf H\u00f9ng Nguy\u1ec5n<\/b> \u2013 Ng\u01b0\u1eddi s\u00e1ng l\u1eadp th\u01b0\u01a1ng hi\u1ec7u <b data-path-to-node=\"11\" data-index-in-node=\"63\">Vi\u1ec7c L\u00e0m H\u01b0ng Th\u1ecbnh<\/b>.<\/span><\/p>\n<p style=\"text-align: center;\" data-path-to-node=\"12\"><span style=\"font-size: 110%; color: #003366;\">Trong su\u1ed1t nh\u1eefng n\u0103m l\u00e0m ngh\u1ec1 tuy\u1ec3n d\u1ee5ng nh\u00e2n s\u1ef1 cho c\u00e1c nh\u00e0 m\u00e1y \u0111i\u1ec7n t\u1eed t\u1ea1i KCN B\u1eafc Giang v\u00e0 B\u1eafc Ninh, t\u00e2m ni\u1ec7m l\u1edbn nh\u1ea5t c\u1ee7a t\u00f4i l\u00e0: <i data-path-to-node=\"12\" data-index-in-node=\"134\">&#8216;Ph\u1ee5ng s\u1ef1 ng\u01b0\u1eddi lao \u0111\u1ed9ng&#8217;<\/i>. T\u00f4i hi\u1ec3u r\u1eb1ng, m\u1ed9t c\u00f4ng vi\u1ec7c t\u1ed1t kh\u00f4ng ch\u1ec9 l\u00e0 m\u1ee9c l\u01b0\u01a1ng, m\u00e0 c\u00f2n l\u00e0 s\u1ef1 ch\u0103m s\u00f3c t\u1eadn t\u00e2m.<\/span><\/p>\n<p data-path-to-node=\"12\"><span style=\"font-size: 110%; color: #003366;\">\u0110\u1ebfn v\u1edbi Th\u1ebf H\u00f9ng Nguy\u1ec5n, b\u1ea1n kh\u00f4ng ch\u1ec9 t\u00ecm th\u1ea5y m\u1ed9t c\u00f4ng vi\u1ec7c, m\u00e0 t\u00ecm th\u1ea5y m\u1ed9t \u0111i\u1ec3m t\u1ef1a v\u1eefng ch\u1eafc \u0111\u1ec3 l\u1eadp nghi\u1ec7p t\u1ea1i \u0111\u1ea5t B\u1eafc.<\/span><\/p>\n\t\t\n<style>\n#text-1843538581 {\n  text-align: center;\n}\n<\/style>\n\t<\/div>\n\t\n\n\t\t<\/div>\n\t\t\t\t\t<\/div>\n\n\t\n\n\t<div id=\"col-2079867453\" class=\"col medium-4 small-12 large-4\"  >\n\t\t\t\t<div class=\"col-inner\"  >\n\t\t\t\n\t\t\t\n\n\t<div class=\"img has-hover x md-x lg-x y md-y lg-y\" id=\"image_1560729412\">\n\t\t\t\t\t\t\t\t<div class=\"img-inner dark\" >\n\t\t\t<img loading=\"lazy\" decoding=\"async\" width=\"566\" height=\"800\" src=\"https:\/\/thehungnguyen.com\/wp-content\/uploads\/2026\/03\/hung-002-566x800.png\" class=\"attachment-large size-large\" alt=\"\" srcset=\"https:\/\/thehungnguyen.com\/wp-content\/uploads\/2026\/03\/hung-002-566x800.png 566w, https:\/\/thehungnguyen.com\/wp-content\/uploads\/2026\/03\/hung-002-283x400.png 283w, https:\/\/thehungnguyen.com\/wp-content\/uploads\/2026\/03\/hung-002-510x720.png 510w, https:\/\/thehungnguyen.com\/wp-content\/uploads\/2026\/03\/hung-002.png 572w\" sizes=\"auto, (max-width: 566px) 100vw, 566px\" \/>\t\t\t\t\t\t\n\t\t\t\t\t<\/div>\n\t\t\t\t\t\t\t\t\n<style>\n#image_1560729412 {\n  width: 100%;\n}\n<\/style>\n\t<\/div>\n\t\n\n\n\t\t<\/div>\n\t\t\t\t\t<\/div>\n\n\t\n\n<\/div>\n<div class=\"container section-title-container\" ><h3 class=\"section-title section-title-center\"><b><\/b><span class=\"section-title-main\" >KHI \u0110I L\u00c0M C\u00d9NG H\u00d9NG - B\u1ea0N S\u1ebc NH\u1eacN \u0110\u01af\u1ee2C NH\u1eeeNG H\u1ed6 TR\u1ee2<\/span><b><\/b><\/h3><\/div>\n\n<div class=\"row\"  id=\"row-2137044379\">\n\n\n\t<div id=\"col-248794410\" class=\"col medium-3 small-12 large-3\"  >\n\t\t\t\t<div class=\"col-inner\"  >\n\t\t\t\n\t\t\t\n\n\n  <div class=\"banner has-hover bg-zoom-fade\" id=\"banner-2055514706\">\n          <div class=\"banner-inner fill\">\n        <div class=\"banner-bg fill\" >\n            <div class=\"bg fill bg-fill \"><\/div>\n                                    \n                    <\/div>\n\t\t\n        <div class=\"banner-layers container\">\n            <a class=\"fill\" href=\"blog\"  ><div class=\"fill banner-link\"><\/div><\/a>            \n\n\n        <\/div>\n      <\/div>\n\n            \n<style>\n#banner-2055514706 {\n  padding-top: 99.99%;\n}\n#banner-2055514706 .bg.bg-loaded {\n  background-image: url(https:\/\/thehungnguyen.com\/wp-content\/uploads\/2026\/03\/doi-song-dam-bao-800x800.jpg);\n}\n#banner-2055514706 .bg {\n  background-position: 55% 11%;\n}\n#banner-2055514706 .ux-shape-divider--top svg {\n  height: 150px;\n  --divider-top-width: 100%;\n}\n#banner-2055514706 .ux-shape-divider--bottom svg {\n  height: 150px;\n  --divider-width: 100%;\n}\n<\/style>\n  <\/div>\n\n\n\n\t\t<\/div>\n\t\t\t\t\t<\/div>\n\n\t\n\n\t<div id=\"col-705887041\" class=\"col medium-3 small-12 large-3\"  >\n\t\t\t\t<div class=\"col-inner\"  >\n\t\t\t\n\t\t\t\n\n\n  <div class=\"banner has-hover bg-zoom-fade\" id=\"banner-45288016\">\n          <div class=\"banner-inner fill\">\n        <div class=\"banner-bg fill\" >\n            <div class=\"bg fill bg-fill \"><\/div>\n                                    \n                    <\/div>\n\t\t\n        <div class=\"banner-layers container\">\n            <a class=\"fill\" href=\"http:\/\/localhost:8888\/test\/blog\/\"  ><div class=\"fill banner-link\"><\/div><\/a>            \n\n\n        <\/div>\n      <\/div>\n\n            \n<style>\n#banner-45288016 {\n  padding-top: 99.99%;\n}\n#banner-45288016 .bg.bg-loaded {\n  background-image: url(https:\/\/thehungnguyen.com\/wp-content\/uploads\/2026\/03\/ho-tro-ung-luong-800x800.jpg);\n}\n#banner-45288016 .ux-shape-divider--top svg {\n  height: 150px;\n  --divider-top-width: 100%;\n}\n#banner-45288016 .ux-shape-divider--bottom svg {\n  height: 150px;\n  --divider-width: 100%;\n}\n<\/style>\n  <\/div>\n\n\n\n\t\t<\/div>\n\t\t\t\t\t<\/div>\n\n\t\n\n\t<div id=\"col-854852192\" class=\"col medium-3 small-12 large-3\"  >\n\t\t\t\t<div class=\"col-inner\"  >\n\t\t\t\n\t\t\t\n\n\n  <div class=\"banner has-hover bg-zoom-fade\" id=\"banner-1169385959\">\n          <div class=\"banner-inner fill\">\n        <div class=\"banner-bg fill\" >\n            <div class=\"bg fill bg-fill \"><\/div>\n                                    \n                    <\/div>\n\t\t\n        <div class=\"banner-layers container\">\n            <a class=\"fill\" href=\"about-us\"  ><div class=\"fill banner-link\"><\/div><\/a>            \n\n\n        <\/div>\n      <\/div>\n\n            \n<style>\n#banner-1169385959 {\n  padding-top: 99.99%;\n}\n#banner-1169385959 .bg.bg-loaded {\n  background-image: url(https:\/\/thehungnguyen.com\/wp-content\/uploads\/2026\/03\/ho-tro-tim-tro-1-800x800.jpg);\n}\n#banner-1169385959 .bg {\n  background-position: 71% 0%;\n}\n#banner-1169385959 .ux-shape-divider--top svg {\n  height: 150px;\n  --divider-top-width: 100%;\n}\n#banner-1169385959 .ux-shape-divider--bottom svg {\n  height: 150px;\n  --divider-width: 100%;\n}\n<\/style>\n  <\/div>\n\n\n\n\t\t<\/div>\n\t\t\t\t\t<\/div>\n\n\t\n\n\t<div id=\"col-973498004\" class=\"col medium-3 small-12 large-3\"  >\n\t\t\t\t<div class=\"col-inner\"  >\n\t\t\t\n\t\t\t\n\n\n  <div class=\"banner has-hover\" id=\"banner-585186327\">\n          <div class=\"banner-inner fill\">\n        <div class=\"banner-bg fill\" >\n            <div class=\"bg fill bg-fill \"><\/div>\n                                    \n                    <\/div>\n\t\t\n        <div class=\"banner-layers container\">\n            <div class=\"fill banner-link\"><\/div>            \n\n\n        <\/div>\n      <\/div>\n\n            \n<style>\n#banner-585186327 {\n  padding-top: 99.99%;\n}\n#banner-585186327 .bg.bg-loaded {\n  background-image: url(https:\/\/thehungnguyen.com\/wp-content\/uploads\/2026\/03\/khong-thu-phi-800x800.jpg);\n}\n#banner-585186327 .ux-shape-divider--top svg {\n  height: 150px;\n  --divider-top-width: 100%;\n}\n#banner-585186327 .ux-shape-divider--bottom svg {\n  height: 150px;\n  --divider-width: 100%;\n}\n<\/style>\n  <\/div>\n\n\n\n\t\t<\/div>\n\t\t\t\t\t<\/div>\n\n\t\n\n<\/div>\n\t<div id=\"gap-121769229\" class=\"gap-element clearfix\" style=\"display:block; height:auto;\">\n\t\t\n<style>\n#gap-121769229 {\n  padding-top: 40px;\n}\n<\/style>\n\t<\/div>\n\t\n\n\t<div id=\"gap-525895942\" class=\"gap-element clearfix\" style=\"display:block; height:auto;\">\n\t\t\n<style>\n#gap-525895942 {\n  padding-top: 40px;\n}\n<\/style>\n\t<\/div>\n\t\n\n<div class=\"slider-wrapper relative\" id=\"slider-17925228\" >\n    <div class=\"slider slider-nav-circle slider-nav-large slider-nav-light slider-style-normal\"\n        data-flickity-options='{\n            \"cellAlign\": \"center\",\n            \"imagesLoaded\": true,\n            \"lazyLoad\": 1,\n            \"freeScroll\": false,\n            \"wrapAround\": true,\n            \"autoPlay\": 2000,\n            \"pauseAutoPlayOnHover\" : true,\n            \"prevNextButtons\": true,\n            \"contain\" : true,\n            \"adaptiveHeight\" : true,\n            \"dragThreshold\" : 10,\n            \"percentPosition\": true,\n            \"pageDots\": true,\n            \"rightToLeft\": false,\n            \"draggable\": true,\n            \"selectedAttraction\": 0.1,\n            \"parallax\" : 0,\n            \"friction\": 0.6        }'\n        >\n        \n\n\n  <div class=\"banner has-hover has-parallax\" id=\"banner-1439828238\">\n          <div class=\"banner-inner fill\">\n        <div class=\"banner-bg fill\" data-parallax=\"-1\" data-parallax-container=\".banner\" data-parallax-background>\n            <div class=\"bg fill bg-fill \"><\/div>\n                                    \n                    <\/div>\n\t\t\n        <div class=\"banner-layers container\">\n            <div class=\"fill banner-link\"><\/div>            \n\n   <div id=\"text-box-728805806\" class=\"text-box banner-layer x50 md-x50 lg-x50 y50 md-y50 lg-y50 res-text\">\n                                <div class=\"text-box-content text dark\">\n              \n              <div class=\"text-inner text-center\">\n                  \n\n  <div class=\"icon-box testimonial-box icon-box-left text-left\">\n                <div class=\"icon-box-text p-last-0\">\n          <div class=\"star-rating\"><span style=\"width:55%\"><strong class=\"rating\"><\/strong><\/span><\/div>  \t\t\t\t<div class=\"testimonial-text line-height-small italic test_text first-reset last-reset is-italic\">\n            \n\n<p>L\u1ea7n \u0111\u1ea7u t\u1eeb qu\u00ea xu\u1ed1ng B\u1eafc Giang \u0111i l\u00e0m, m\u00ecnh c\u00f2n b\u1ee1 ng\u1ee1 \u0111\u1ee7 th\u1ee9. May m\u00e0 g\u1eb7p \u0111\u01b0\u1ee3c anh H\u00f9ng. Anh h\u01b0\u1edbng d\u1eabn l\u00e0m h\u1ed3 s\u01a1 t\u1eadn t\u00ecnh, l\u1ea1i c\u00f2n lo cho m\u00ecnh ch\u1ed7 \u1edf s\u1ea1ch s\u1ebd ngay g\u1ea7n c\u00f4ng ty. Hi\u1ebfm c\u00f3 ch\u1ed7 n\u00e0o tuy\u1ec3n d\u1ee5ng m\u00e0 ch\u1ee7 l\u1ea1i quan t\u00e2m s\u00e1t sao \u0111\u1ebfn \u0111\u1eddi s\u1ed1ng anh em nh\u01b0 v\u1eady. C\u1ea3m \u01a1n anh v\u00e0 c\u00f4ng ty H\u01b0ng Th\u1ecbnh r\u1ea5t nhi\u1ec1u!<\/p>\n\n          <\/div>\n          <div class=\"testimonial-meta pt-half\">\n             <strong class=\"testimonial-name test_name\">V\u01b0\u01a1ng Qu\u1ed1c To\u1ea3n<\/strong>\n             <span class=\"testimonial-name-divider\"> \/ <\/span>             <span class=\"testimonial-company test_company\">Facebook<\/span>\n          <\/div>\n        <\/div>\n  <\/div>\n\n  \n\n              <\/div>\n           <\/div>\n                            \n<style>\n#text-box-728805806 {\n  width: 78%;\n}\n#text-box-728805806 .text-box-content {\n  font-size: 100%;\n}\n<\/style>\n    <\/div>\n \n\n        <\/div>\n      <\/div>\n\n            \n<style>\n#banner-1439828238 {\n  padding-top: 300px;\n}\n#banner-1439828238 .bg.bg-loaded {\n  background-image: url(https:\/\/thehungnguyen.com\/wp-content\/uploads\/2016\/08\/dummy-2.jpg);\n}\n#banner-1439828238 .ux-shape-divider--top svg {\n  height: 150px;\n  --divider-top-width: 100%;\n}\n#banner-1439828238 .ux-shape-divider--bottom svg {\n  height: 150px;\n  --divider-width: 100%;\n}\n<\/style>\n  <\/div>\n\n\n\n  <div class=\"banner has-hover has-parallax\" id=\"banner-196385105\">\n          <div class=\"banner-inner fill\">\n        <div class=\"banner-bg fill\" data-parallax=\"-1\" data-parallax-container=\".banner\" data-parallax-background>\n            <div class=\"bg fill bg-fill \"><\/div>\n                                    \n                    <\/div>\n\t\t\n        <div class=\"banner-layers container\">\n            <div class=\"fill banner-link\"><\/div>            \n\n   <div id=\"text-box-1309056325\" class=\"text-box banner-layer x50 md-x50 lg-x50 y50 md-y50 lg-y50 res-text\">\n                                <div class=\"text-box-content text dark\">\n              \n              <div class=\"text-inner text-center\">\n                  \n\n  <div class=\"icon-box testimonial-box icon-box-left text-left\">\n                <div class=\"icon-box-text p-last-0\">\n          <div class=\"star-rating\"><span style=\"width:55%\"><strong class=\"rating\"><\/strong><\/span><\/div>  \t\t\t\t<div class=\"testimonial-text line-height-small italic test_text first-reset last-reset is-italic\">\n            \n\n<p>\u0110i l\u00e0m qua nhi\u1ec1u b\u00ean r\u1ed3i nh\u01b0ng m\u00ecnh th\u1ea5y tin t\u01b0\u1edfng anh H\u00f9ng nh\u1ea5t. T\u01b0 v\u1ea5n c\u00f4ng vi\u1ec7c r\u00f5 r\u00e0ng, l\u01b0\u01a1ng l\u1eadu s\u00f2ng ph\u1eb3ng, l\u1ea1i c\u00f2n \u0111\u01b0\u1ee3c anh h\u1ed7 tr\u1ee3 th\u00eam ti\u1ec1n th\u01b0\u1edfng cho anh em m\u1edbi v\u00e0o. Anh H\u00f9ng l\u00e0m vi\u1ec7c r\u1ea5t c\u00f3 t\u00e2m, l\u00fac n\u00e0o c\u0169ng \u01b0u ti\u00ean quy\u1ec1n l\u1ee3i cho ng\u01b0\u1eddi lao \u0111\u1ed9ng l\u00ean h\u00e0ng \u0111\u1ea7u.<\/p>\n\n          <\/div>\n          <div class=\"testimonial-meta pt-half\">\n             <strong class=\"testimonial-name test_name\">Nguy\u1ec5n Trung Ki\u00ean<\/strong>\n             <span class=\"testimonial-name-divider\"> \/ <\/span>             <span class=\"testimonial-company test_company\">Facebook<\/span>\n          <\/div>\n        <\/div>\n  <\/div>\n\n  \n\n              <\/div>\n           <\/div>\n                            \n<style>\n#text-box-1309056325 {\n  width: 80%;\n}\n#text-box-1309056325 .text-box-content {\n  font-size: 100%;\n}\n<\/style>\n    <\/div>\n \n\n        <\/div>\n      <\/div>\n\n            \n<style>\n#banner-196385105 {\n  padding-top: 300px;\n}\n#banner-196385105 .bg.bg-loaded {\n  background-image: url(https:\/\/thehungnguyen.com\/wp-content\/uploads\/2016\/08\/dummy-2.jpg);\n}\n#banner-196385105 .ux-shape-divider--top svg {\n  height: 150px;\n  --divider-top-width: 100%;\n}\n#banner-196385105 .ux-shape-divider--bottom svg {\n  height: 150px;\n  --divider-width: 100%;\n}\n<\/style>\n  <\/div>\n\n\n\n  <div class=\"banner has-hover has-parallax\" id=\"banner-363800832\">\n          <div class=\"banner-inner fill\">\n        <div class=\"banner-bg fill\" data-parallax=\"-1\" data-parallax-container=\".banner\" data-parallax-background>\n            <div class=\"bg fill bg-fill \"><\/div>\n                                    \n                    <\/div>\n\t\t\n        <div class=\"banner-layers container\">\n            <div class=\"fill banner-link\"><\/div>            \n\n   <div id=\"text-box-1459356023\" class=\"text-box banner-layer x50 md-x50 lg-x50 y50 md-y50 lg-y50 res-text\">\n                                <div class=\"text-box-content text dark\">\n              \n              <div class=\"text-inner text-center\">\n                  \n\n  <div class=\"icon-box testimonial-box icon-box-left text-left\">\n                <div class=\"icon-box-text p-last-0\">\n          <div class=\"star-rating\"><span style=\"width:100%\"><strong class=\"rating\"><\/strong><\/span><\/div>  \t\t\t\t<div class=\"testimonial-text line-height-small italic test_text first-reset last-reset is-italic\">\n            \n\n<p>\u1ea4n t\u01b0\u1ee3ng nh\u1ea5t v\u1edbi anh H\u00f9ng \u1edf ch\u1ed7, d\u00f9 m\u00ecnh \u0111\u00e3 \u0111i l\u00e0m ch\u00ednh th\u1ee9c r\u1ed3i nh\u01b0ng anh v\u1eabn th\u01b0\u1eddng xuy\u00ean g\u1ecdi \u0111i\u1ec7n h\u1ecfi han xem c\u00f4ng vi\u1ec7c c\u00f3 v\u1ea5t v\u1ea3 kh\u00f4ng, c\u00f3 g\u1eb7p kh\u00f3 kh\u0103n g\u00ec kh\u00f4ng \u0111\u1ec3 anh h\u1ed7 tr\u1ee3. S\u1ef1 nhi\u1ec7t t\u00ecnh v\u00e0 chu \u0111\u00e1o c\u1ee7a anh l\u00e0m m\u00ecnh th\u1ea5y r\u1ea5t \u1ea5m l\u00f2ng. 5 sao cho ch\u1ea5t l\u01b0\u1ee3ng d\u1ecbch v\u1ee5!<\/p>\n\n          <\/div>\n          <div class=\"testimonial-meta pt-half\">\n             <strong class=\"testimonial-name test_name\">Nguy\u1ec5n Thu Ho\u00e0i<\/strong>\n             <span class=\"testimonial-name-divider\"> \/ <\/span>             <span class=\"testimonial-company test_company\">Facebook<\/span>\n          <\/div>\n        <\/div>\n  <\/div>\n\n  \n\n              <\/div>\n           <\/div>\n                            \n<style>\n#text-box-1459356023 {\n  width: 80%;\n}\n#text-box-1459356023 .text-box-content {\n  font-size: 100%;\n}\n<\/style>\n    <\/div>\n \n\n        <\/div>\n      <\/div>\n\n            \n<style>\n#banner-363800832 {\n  padding-top: 300px;\n}\n#banner-363800832 .bg.bg-loaded {\n  background-image: url(https:\/\/thehungnguyen.com\/wp-content\/uploads\/2016\/08\/dummy-2.jpg);\n}\n#banner-363800832 .ux-shape-divider--top svg {\n  height: 150px;\n  --divider-top-width: 100%;\n}\n#banner-363800832 .ux-shape-divider--bottom svg {\n  height: 150px;\n  --divider-width: 100%;\n}\n<\/style>\n  <\/div>\n\n\n\n     <\/div>\n\n     <div class=\"loading-spin dark large centered\"><\/div>\n\n     \t<\/div>\n\n\n<div class=\"container section-title-container\" ><h3 class=\"section-title section-title-center\"><b><\/b><span class=\"section-title-main\" style=\"font-size:undefined%;\">B\u00c0I VI\u1ebeT M\u1edaI<\/span><b><\/b><\/h3><\/div>\n\n\n  \n    <div class=\"row large-columns-4 medium-columns-3 small-columns-1 slider row-slider slider-nav-reveal slider-nav-push\"  data-flickity-options='{\"imagesLoaded\": true, \"groupCells\": \"100%\", \"dragThreshold\" : 5, \"cellAlign\": \"left\",\"wrapAround\": true,\"prevNextButtons\": true,\"percentPosition\": true,\"pageDots\": false, \"rightToLeft\": false, \"autoPlay\" : false}'>\n\n  <div class=\"col post-item\" >\n\t\t\t<div class=\"col-inner\">\n\t\t\t<a href=\"https:\/\/thehungnguyen.com\/?p=282\" class=\"plain\">\n\t\t\t\t<div class=\"box box-text-bottom box-blog-post has-hover\">\n            \t\t\t\t\t<div class=\"box-image\" >\n  \t\t\t\t\t\t<div class=\"image-cover\" style=\"padding-top:70%;\">\n  \t\t\t\t\t\t\t<img loading=\"lazy\" decoding=\"async\" width=\"733\" height=\"400\" src=\"https:\/\/thehungnguyen.com\/wp-content\/uploads\/2026\/03\/ban-suc-khoe-doi-tien-hay-buoc-dem-doi-doi-733x400.png\" class=\"attachment-medium size-medium wp-post-image\" alt=\"\" srcset=\"https:\/\/thehungnguyen.com\/wp-content\/uploads\/2026\/03\/ban-suc-khoe-doi-tien-hay-buoc-dem-doi-doi-733x400.png 733w, https:\/\/thehungnguyen.com\/wp-content\/uploads\/2026\/03\/ban-suc-khoe-doi-tien-hay-buoc-dem-doi-doi-scaled-510x278.png 510w, https:\/\/thehungnguyen.com\/wp-content\/uploads\/2026\/03\/ban-suc-khoe-doi-tien-hay-buoc-dem-doi-doi-1400x764.png 1400w, https:\/\/thehungnguyen.com\/wp-content\/uploads\/2026\/03\/ban-suc-khoe-doi-tien-hay-buoc-dem-doi-doi-768x419.png 768w, https:\/\/thehungnguyen.com\/wp-content\/uploads\/2026\/03\/ban-suc-khoe-doi-tien-hay-buoc-dem-doi-doi-1536x838.png 1536w, https:\/\/thehungnguyen.com\/wp-content\/uploads\/2026\/03\/ban-suc-khoe-doi-tien-hay-buoc-dem-doi-doi-2048x1117.png 2048w\" sizes=\"auto, (max-width: 733px) 100vw, 733px\" \/>  \t\t\t\t\t\t\t  \t\t\t\t\t\t\t  \t\t\t\t\t\t<\/div>\n  \t\t\t\t\t\t  \t\t\t\t\t<\/div>\n          \t\t\t\t\t<div class=\"box-text text-center\" >\n\t\t\t\t\t<div class=\"box-text-inner blog-post-inner\">\n\n\t\t\t\t\t\n\t\t\t\t\t\t\t\t\t\t<h5 class=\"post-title is-large \">NGH\u1ec0 C\u00d4NG NH\u00c2N \u0110I\u1ec6N T\u1eec: B\u00c1N S\u1ee8C KH\u1eceE L\u1ea4Y TI\u1ec0N HAY B\u01af\u1edaC \u0110\u1ec6M \u0110\u1ed4I \u0110\u1edcI?<\/h5>\n\t\t\t\t\t\t\t\t\t\t<div class=\"is-divider\"><\/div>\n\t\t\t\t\t                    \n\t\t\t\t\t\n\t\t\t\t\t\n\t\t\t\t\t<\/div>\n\t\t\t\t\t<\/div>\n\t\t\t\t\t\t\t\t\t<\/div>\n\t\t\t\t<\/a>\n\t\t\t<\/div>\n\t\t<\/div><div class=\"col post-item\" >\n\t\t\t<div class=\"col-inner\">\n\t\t\t<a href=\"https:\/\/thehungnguyen.com\/?p=294\" class=\"plain\">\n\t\t\t\t<div class=\"box box-text-bottom box-blog-post has-hover\">\n            \t\t\t\t\t<div class=\"box-image\" >\n  \t\t\t\t\t\t<div class=\"image-cover\" style=\"padding-top:70%;\">\n  \t\t\t\t\t\t\t<img loading=\"lazy\" decoding=\"async\" width=\"733\" height=\"400\" src=\"https:\/\/thehungnguyen.com\/wp-content\/uploads\/2026\/03\/ve-que-lap-nghiep-bat-dau-tu-dau-733x400.jpg\" class=\"attachment-medium size-medium wp-post-image\" alt=\"\" srcset=\"https:\/\/thehungnguyen.com\/wp-content\/uploads\/2026\/03\/ve-que-lap-nghiep-bat-dau-tu-dau-733x400.jpg 733w, https:\/\/thehungnguyen.com\/wp-content\/uploads\/2026\/03\/ve-que-lap-nghiep-bat-dau-tu-dau-768x419.jpg 768w, https:\/\/thehungnguyen.com\/wp-content\/uploads\/2026\/03\/ve-que-lap-nghiep-bat-dau-tu-dau-510x278.jpg 510w, https:\/\/thehungnguyen.com\/wp-content\/uploads\/2026\/03\/ve-que-lap-nghiep-bat-dau-tu-dau.jpg 1024w\" sizes=\"auto, (max-width: 733px) 100vw, 733px\" \/>  \t\t\t\t\t\t\t  \t\t\t\t\t\t\t  \t\t\t\t\t\t<\/div>\n  \t\t\t\t\t\t  \t\t\t\t\t<\/div>\n          \t\t\t\t\t<div class=\"box-text text-center\" >\n\t\t\t\t\t<div class=\"box-text-inner blog-post-inner\">\n\n\t\t\t\t\t\n\t\t\t\t\t\t\t\t\t\t<h5 class=\"post-title is-large \">G\u00d3C T\u00c2M S\u1ef0: THANH XU\u00c2N G\u1eecI L\u1ea0I KCN, L\u1ee0 MAI N\u00c0Y V\u1ec0 QU\u00ca L\u1eacP NGHI\u1ec6P TH\u00cc B\u1eaeT \u0110\u1ea6U T\u1eea \u0110\u00c2U?<\/h5>\n\t\t\t\t\t\t\t\t\t\t<div class=\"is-divider\"><\/div>\n\t\t\t\t\t                    \n\t\t\t\t\t\n\t\t\t\t\t\n\t\t\t\t\t<\/div>\n\t\t\t\t\t<\/div>\n\t\t\t\t\t\t\t\t\t<\/div>\n\t\t\t\t<\/a>\n\t\t\t<\/div>\n\t\t<\/div><div class=\"col post-item\" >\n\t\t\t<div class=\"col-inner\">\n\t\t\t<a href=\"https:\/\/thehungnguyen.com\/?p=291\" class=\"plain\">\n\t\t\t\t<div class=\"box box-text-bottom box-blog-post has-hover\">\n            \t\t\t\t\t<div class=\"box-image\" >\n  \t\t\t\t\t\t<div class=\"image-cover\" style=\"padding-top:70%;\">\n  \t\t\t\t\t\t\t<img loading=\"lazy\" decoding=\"async\" width=\"733\" height=\"400\" src=\"https:\/\/thehungnguyen.com\/wp-content\/uploads\/2026\/03\/cong-nhan-hoc-tieng-trung-733x400.jpg\" class=\"attachment-medium size-medium wp-post-image\" alt=\"\" srcset=\"https:\/\/thehungnguyen.com\/wp-content\/uploads\/2026\/03\/cong-nhan-hoc-tieng-trung-733x400.jpg 733w, https:\/\/thehungnguyen.com\/wp-content\/uploads\/2026\/03\/cong-nhan-hoc-tieng-trung-768x419.jpg 768w, https:\/\/thehungnguyen.com\/wp-content\/uploads\/2026\/03\/cong-nhan-hoc-tieng-trung-510x278.jpg 510w, https:\/\/thehungnguyen.com\/wp-content\/uploads\/2026\/03\/cong-nhan-hoc-tieng-trung.jpg 1024w\" sizes=\"auto, (max-width: 733px) 100vw, 733px\" \/>  \t\t\t\t\t\t\t  \t\t\t\t\t\t\t  \t\t\t\t\t\t<\/div>\n  \t\t\t\t\t\t  \t\t\t\t\t<\/div>\n          \t\t\t\t\t<div class=\"box-text text-center\" >\n\t\t\t\t\t<div class=\"box-text-inner blog-post-inner\">\n\n\t\t\t\t\t\n\t\t\t\t\t\t\t\t\t\t<h5 class=\"post-title is-large \">C\u00d4NG NH\u00c2N \u0110I\u1ec6N T\u1eec C\u00d3 N\u00caN H\u1eccC TH\u00caM TI\u1ebeNG TRUNG, TI\u1ebeNG H\u00c0N \u0110\u1ec2 \u0110\u1ed4I \u0110\u1edcI?<\/h5>\n\t\t\t\t\t\t\t\t\t\t<div class=\"is-divider\"><\/div>\n\t\t\t\t\t                    \n\t\t\t\t\t\n\t\t\t\t\t\n\t\t\t\t\t<\/div>\n\t\t\t\t\t<\/div>\n\t\t\t\t\t\t\t\t\t<\/div>\n\t\t\t\t<\/a>\n\t\t\t<\/div>\n\t\t<\/div><div class=\"col post-item\" >\n\t\t\t<div class=\"col-inner\">\n\t\t\t<a href=\"https:\/\/thehungnguyen.com\/?p=285\" class=\"plain\">\n\t\t\t\t<div class=\"box box-text-bottom box-blog-post has-hover\">\n            \t\t\t\t\t<div class=\"box-image\" >\n  \t\t\t\t\t\t<div class=\"image-cover\" style=\"padding-top:70%;\">\n  \t\t\t\t\t\t\t<img loading=\"lazy\" decoding=\"async\" width=\"733\" height=\"400\" src=\"https:\/\/thehungnguyen.com\/wp-content\/uploads\/2026\/03\/canh-giac-lua-dao-KCN-733x400.jpg\" class=\"attachment-medium size-medium wp-post-image\" alt=\"\" srcset=\"https:\/\/thehungnguyen.com\/wp-content\/uploads\/2026\/03\/canh-giac-lua-dao-KCN-733x400.jpg 733w, https:\/\/thehungnguyen.com\/wp-content\/uploads\/2026\/03\/canh-giac-lua-dao-KCN-768x419.jpg 768w, https:\/\/thehungnguyen.com\/wp-content\/uploads\/2026\/03\/canh-giac-lua-dao-KCN-510x278.jpg 510w, https:\/\/thehungnguyen.com\/wp-content\/uploads\/2026\/03\/canh-giac-lua-dao-KCN.jpg 1024w\" sizes=\"auto, (max-width: 733px) 100vw, 733px\" \/>  \t\t\t\t\t\t\t  \t\t\t\t\t\t\t  \t\t\t\t\t\t<\/div>\n  \t\t\t\t\t\t  \t\t\t\t\t<\/div>\n          \t\t\t\t\t<div class=\"box-text text-center\" >\n\t\t\t\t\t<div class=\"box-text-inner blog-post-inner\">\n\n\t\t\t\t\t\n\t\t\t\t\t\t\t\t\t\t<h5 class=\"post-title is-large \">C\u1ea2NH GI\u00c1C CAO \u0110\u1ed8: S\u1eacP B\u1eaaY APP VAY TI\u1ec0N &#8220;H\u00daT M\u00c1U&#8221; \u2013 N\u1ed6I \u00c1M \u1ea2NH C\u1ee6A ANH CH\u1eca EM C\u00d4NG NH\u00c2N KCN<\/h5>\n\t\t\t\t\t\t\t\t\t\t<div class=\"is-divider\"><\/div>\n\t\t\t\t\t                    \n\t\t\t\t\t\n\t\t\t\t\t\n\t\t\t\t\t<\/div>\n\t\t\t\t\t<\/div>\n\t\t\t\t\t\t\t\t\t<\/div>\n\t\t\t\t<\/a>\n\t\t\t<\/div>\n\t\t<\/div><\/div>\n\n\n","protected":false},"excerpt":{"rendered":"","protected":false},"author":1,"featured_media":23,"parent":77,"menu_order":1,"comment_status":"closed","ping_status":"closed","template":"page-blank.php","meta":{"footnotes":""},"class_list":["post-103","page","type-page","status-publish","has-post-thumbnail","hentry"],"_links":{"self":[{"href":"https:\/\/thehungnguyen.com\/index.php?rest_route=\/wp\/v2\/pages\/103","targetHints":{"allow":["GET"]}}],"collection":[{"href":"https:\/\/thehungnguyen.com\/index.php?rest_route=\/wp\/v2\/pages"}],"about":[{"href":"https:\/\/thehungnguyen.com\/index.php?rest_route=\/wp\/v2\/types\/page"}],"author":[{"embeddable":true,"href":"https:\/\/thehungnguyen.com\/index.php?rest_route=\/wp\/v2\/users\/1"}],"replies":[{"embeddable":true,"href":"https:\/\/thehungnguyen.com\/index.php?rest_route=%2Fwp%2Fv2%2Fcomments&post=103"}],"version-history":[{"count":18,"href":"https:\/\/thehungnguyen.com\/index.php?rest_route=\/wp\/v2\/pages\/103\/revisions"}],"predecessor-version":[{"id":363,"href":"https:\/\/thehungnguyen.com\/index.php?rest_route=\/wp\/v2\/pages\/103\/revisions\/363"}],"up":[{"embeddable":true,"href":"https:\/\/thehungnguyen.com\/index.php?rest_route=\/wp\/v2\/pages\/77"}],"wp:featuredmedia":[{"embeddable":true,"href":"https:\/\/thehungnguyen.com\/index.php?rest_route=\/wp\/v2\/media\/23"}],"wp:attachment":[{"href":"https:\/\/thehungnguyen.com\/index.php?rest_route=%2Fwp%2Fv2%2Fmedia&parent=103"}],"curies":[{"name":"wp","href":"https:\/\/api.w.org\/{rel}","templated":true}]}}